{"id":1336,"date":"2020-08-14T11:46:58","date_gmt":"2020-08-14T08:46:58","guid":{"rendered":"http:\/\/serifogullari.com\/?page_id=1336"},"modified":"2020-08-14T11:51:15","modified_gmt":"2020-08-14T08:51:15","slug":"projeler-grid","status":"publish","type":"page","link":"https:\/\/serifogullari.com\/?page_id=1336","title":{"rendered":"Projeler"},"content":{"rendered":"<p>[vc_row][vc_column][vc_empty_space height=&#8221;73px&#8221;]  <div class=\" brxy-project-69d10f5a623fa brxy-masonry-wrap \">\r\n    <div class=\"container\">      <div class=\"project-listings style3\"  >\r\n        <div class=\"filter-buttons\"><div class=\"brxy-title-1\">PROJELER<\/div>          <ul class=\"brxy-menu  brxy-project-69d10f5a623fa\">\r\n\t\t\t       <li><a href=\"javascript:void(0);\" class=\"active\" data-filter=\"*\">All<\/a><\/li>\r\n              <li><a href=\"javascript:void(0);\" data-filter=\".cat-cam\">Cam<\/a><\/li><li><a href=\"javascript:void(0);\" data-filter=\".cat-dis-cephe\">D\u0131\u015f Cephe<\/a><\/li><li><a href=\"javascript:void(0);\" data-filter=\".cat-metal\">Metal<\/a><\/li><\/ul><\/div>\r\n    <!-- Project Start -->\r\n    <div class=\"project-row brxy-masonry masonry-item-2  spacer5 \">\r\n                <div class=\"masonry-item  \">\r\n            <div class=\"project-list\">\r\n              <div class=\"project-picture\">\r\n                <img decoding=\"async\" src=\"https:\/\/serifogullari.com\/wp-content\/uploads\/2023\/03\/bina21.jpg\" alt=\"\u0130BB Ait Kre\u015f \u00c7al\u0131\u015fmalar\u0131m\u0131z\">\r\n              <\/div>\r\n              <div class=\"project-info\">\r\n                <div class=\"brxy-table-container\">\r\n                  <div class=\"brxy-align-container\">\r\n                    <div class=\"project-title\"><a href=\"https:\/\/serifogullari.com\/?project=ibb-ait-kres-calismalarimiz\">\u0130BB Ait Kre\u015f \u00c7al\u0131\u015fmalar\u0131m\u0131z<\/a>\r\n                    <\/div>\r\n                    <div class=\"project-category\">\r\n                                        <\/div>\r\n                  <\/div>\r\n                <\/div>\r\n              <\/div>\r\n            <\/div>\r\n          <\/div>\r\n                  <div class=\"masonry-item  \">\r\n            <div class=\"project-list\">\r\n              <div class=\"project-picture\">\r\n                <img decoding=\"async\" src=\"https:\/\/serifogullari.com\/wp-content\/uploads\/2023\/03\/Beytowndeniz3.jpg\" alt=\"Beytowne Villalar\u0131 Projemiz\">\r\n              <\/div>\r\n              <div class=\"project-info\">\r\n                <div class=\"brxy-table-container\">\r\n                  <div class=\"brxy-align-container\">\r\n                    <div class=\"project-title\"><a href=\"https:\/\/serifogullari.com\/?project=beytowne-villalari-projemiz\">Beytowne Villalar\u0131 Projemiz<\/a>\r\n                    <\/div>\r\n                    <div class=\"project-category\">\r\n                                        <\/div>\r\n                  <\/div>\r\n                <\/div>\r\n              <\/div>\r\n            <\/div>\r\n          <\/div>\r\n                  <div class=\"masonry-item  \">\r\n            <div class=\"project-list\">\r\n              <div class=\"project-picture\">\r\n                <img decoding=\"async\" src=\"https:\/\/serifogullari.com\/wp-content\/uploads\/2023\/03\/c8c17654-e411-473a-90e7-c97ddc4bfe36.jpg\" alt=\"Mabeyn Konutlar\u0131 Projemiz\">\r\n              <\/div>\r\n              <div class=\"project-info\">\r\n                <div class=\"brxy-table-container\">\r\n                  <div class=\"brxy-align-container\">\r\n                    <div class=\"project-title\"><a href=\"https:\/\/serifogullari.com\/?project=mabeyn-konutlari-projemiz\">Mabeyn Konutlar\u0131 Projemiz<\/a>\r\n                    <\/div>\r\n                    <div class=\"project-category\">\r\n                                        <\/div>\r\n                  <\/div>\r\n                <\/div>\r\n              <\/div>\r\n            <\/div>\r\n          <\/div>\r\n                  <div class=\"masonry-item cat-dis-cephe  \">\r\n            <div class=\"project-list\">\r\n              <div class=\"project-picture\">\r\n                <img decoding=\"async\" src=\"https:\/\/serifogullari.com\/wp-content\/uploads\/2023\/03\/beylikduzu-kultur-merkezi.jpg\" alt=\"Beylikd\u00fcz\u00fc K\u00fclt\u00fcr Merkezi Cephe Do\u011framalar\u0131 ve Ofis B\u00f6lme \u00c7al\u0131\u015fmam\u0131z\">\r\n              <\/div>\r\n              <div class=\"project-info\">\r\n                <div class=\"brxy-table-container\">\r\n                  <div class=\"brxy-align-container\">\r\n                    <div class=\"project-title\"><a href=\"https:\/\/serifogullari.com\/?project=beylikduzu-kultur-merkezi-cephe-dogramalari-ve-ofis-bolme-calismamiz\">Beylikd\u00fcz\u00fc K\u00fclt\u00fcr Merkezi Cephe Do\u011framalar\u0131 ve Ofis B\u00f6lme \u00c7al\u0131\u015fmam\u0131z<\/a>\r\n                    <\/div>\r\n                    <div class=\"project-category\">\r\n                    <span><a href=\"https:\/\/serifogullari.com\/?project_category=dis-cephe\" class=\"bpw-category\">D\u0131\u015f Cephe<\/a><\/span>                     <\/div>\r\n                  <\/div>\r\n                <\/div>\r\n              <\/div>\r\n            <\/div>\r\n          <\/div>\r\n                  <div class=\"masonry-item  \">\r\n            <div class=\"project-list\">\r\n              <div class=\"project-picture\">\r\n                <img decoding=\"async\" src=\"https:\/\/serifogullari.com\/wp-content\/uploads\/2023\/03\/Gu\u0308rpinar-Polis-Merkezi-Amirlig\u0306i.jpg\" alt=\"G\u00fcrp\u0131nar Polis Merkezi Projemiz\">\r\n              <\/div>\r\n              <div class=\"project-info\">\r\n                <div class=\"brxy-table-container\">\r\n                  <div class=\"brxy-align-container\">\r\n                    <div class=\"project-title\"><a href=\"https:\/\/serifogullari.com\/?project=gurpinar-polis-merkezi-projemiz\">G\u00fcrp\u0131nar Polis Merkezi Projemiz<\/a>\r\n                    <\/div>\r\n                    <div class=\"project-category\">\r\n                                        <\/div>\r\n                  <\/div>\r\n                <\/div>\r\n              <\/div>\r\n            <\/div>\r\n          <\/div>\r\n                  <div class=\"masonry-item  \">\r\n            <div class=\"project-list\">\r\n              <div class=\"project-picture\">\r\n                <img decoding=\"async\" src=\"https:\/\/serifogullari.com\/wp-content\/uploads\/2023\/03\/WhatsApp-Image-2023-03-13-at-11.00.24-1.jpeg\" alt=\"Manisa Salihli Shell \u0130stasyon Projemiz\">\r\n              <\/div>\r\n              <div class=\"project-info\">\r\n                <div class=\"brxy-table-container\">\r\n                  <div class=\"brxy-align-container\">\r\n                    <div class=\"project-title\"><a href=\"https:\/\/serifogullari.com\/?project=manisa-salihli-shell-istasyon-projemiz\">Manisa Salihli Shell \u0130stasyon Projemiz<\/a>\r\n                    <\/div>\r\n                    <div class=\"project-category\">\r\n                                        <\/div>\r\n                  <\/div>\r\n                <\/div>\r\n              <\/div>\r\n            <\/div>\r\n          <\/div>\r\n                  <div class=\"masonry-item  \">\r\n            <div class=\"project-list\">\r\n              <div class=\"project-picture\">\r\n                <img decoding=\"async\" src=\"https:\/\/serifogullari.com\/wp-content\/uploads\/2023\/03\/\u00f6zgecan.jpg\" alt=\"\u00d6zgecan Aslan K\u00fclt\u00fcr Merkezi\">\r\n              <\/div>\r\n              <div class=\"project-info\">\r\n                <div class=\"brxy-table-container\">\r\n                  <div class=\"brxy-align-container\">\r\n                    <div class=\"project-title\"><a href=\"https:\/\/serifogullari.com\/?project=ozgecan-aslan-kultur-merkezi\">\u00d6zgecan Aslan K\u00fclt\u00fcr Merkezi<\/a>\r\n                    <\/div>\r\n                    <div class=\"project-category\">\r\n                                        <\/div>\r\n                  <\/div>\r\n                <\/div>\r\n              <\/div>\r\n            <\/div>\r\n          <\/div>\r\n                  <div class=\"masonry-item  \">\r\n            <div class=\"project-list\">\r\n              <div class=\"project-picture\">\r\n                <img decoding=\"async\" src=\"https:\/\/serifogullari.com\/wp-content\/uploads\/2023\/03\/beyfen.jpg\" alt=\"Beyfen Koleji\">\r\n              <\/div>\r\n              <div class=\"project-info\">\r\n                <div class=\"brxy-table-container\">\r\n                  <div class=\"brxy-align-container\">\r\n                    <div class=\"project-title\"><a href=\"https:\/\/serifogullari.com\/?project=beyfen-koleji\">Beyfen Koleji<\/a>\r\n                    <\/div>\r\n                    <div class=\"project-category\">\r\n                                        <\/div>\r\n                  <\/div>\r\n                <\/div>\r\n              <\/div>\r\n            <\/div>\r\n          <\/div>\r\n        \r\n      <\/div>\r\n    <\/div>\r\n  <\/div><\/div>\r\n    <!-- Project End -->\r\n\r\n    [vc_empty_space height=&#8221;100px&#8221;][\/vc_column][\/vc_row]<\/p>\n","protected":false},"excerpt":{"rendered":"[vc_row][vc_column][vc_empty_space height=&#8221;73px&#8221;][vc_empty_space height=&#8221;100px&#8221;][\/vc_column][\/vc_row]","protected":false},"author":1,"featured_media":0,"parent":0,"menu_order":0,"comment_status":"closed","ping_status":"closed","template":"","meta":{"footnotes":""},"class_list":["post-1336","page","type-page","status-publish","hentry"],"_links":{"self":[{"href":"https:\/\/serifogullari.com\/index.php?rest_route=\/wp\/v2\/pages\/1336","targetHints":{"allow":["GET"]}}],"collection":[{"href":"https:\/\/serifogullari.com\/index.php?rest_route=\/wp\/v2\/pages"}],"about":[{"href":"https:\/\/serifogullari.com\/index.php?rest_route=\/wp\/v2\/types\/page"}],"author":[{"embeddable":true,"href":"https:\/\/serifogullari.com\/index.php?rest_route=\/wp\/v2\/users\/1"}],"replies":[{"embeddable":true,"href":"https:\/\/serifogullari.com\/index.php?rest_route=%2Fwp%2Fv2%2Fcomments&post=1336"}],"version-history":[{"count":3,"href":"https:\/\/serifogullari.com\/index.php?rest_route=\/wp\/v2\/pages\/1336\/revisions"}],"predecessor-version":[{"id":1341,"href":"https:\/\/serifogullari.com\/index.php?rest_route=\/wp\/v2\/pages\/1336\/revisions\/1341"}],"wp:attachment":[{"href":"https:\/\/serifogullari.com\/index.php?rest_route=%2Fwp%2Fv2%2Fmedia&parent=1336"}],"curies":[{"name":"wp","href":"https:\/\/api.w.org\/{rel}","templated":true}]}}