{"id":306,"date":"2017-05-05T12:04:27","date_gmt":"2017-05-05T12:04:27","guid":{"rendered":"https:\/\/victorthemes.com\/themes\/brixey\/home-slideshow-copy\/"},"modified":"2020-11-12T22:18:46","modified_gmt":"2020-11-12T19:18:46","slug":"home-slideshow-info","status":"publish","type":"page","link":"https:\/\/serifogullari.com\/","title":{"rendered":"Home Slideshow Info"},"content":{"rendered":"<p>[vc_row overlay_dotted=&#8221;&#8221; css=&#8221;.vc_custom_1495014942769{margin-top: 115px !important;}&#8221; el_class=&#8221;brxy-about&#8221;][vc_column]\r\n          <div class=\"brxy-container aligncenter brxy-heading-69d2711bda43a \">\r\n          <h2 class=\"about-title\">Kalite, g\u00fcven ve vizyondan \u00f6d\u00fcn vermeyen 30 y\u0131ll\u0131k deneyim!<\/h2><div class=\"about-description\" style=\"line-height: 1.9;\"><p>30 y\u0131l \u00f6nce b\u00fcy\u00fcklerimizin ba\u015flatt\u0131\u011f\u0131 bu heyecan cam ve metal ustal\u0131\u011f\u0131yla ba\u015flad\u0131.G\u00fcn\u00fcm\u00fczde teknoloji ve sanat ile birle\u015ftirilerek kalite ve vizyondan \u00f6d\u00fcn vermeyen, 30 y\u0131ll\u0131k tecr\u00fcbenin alt\u0131n\u0131 sonuna kadar dolduran k\u00fc\u00e7\u00fck bir aile \u015firketine d\u00f6n\u00fc\u015ft\u00fck.<\/p>\n<\/div><\/div>[\/vc_column][\/vc_row][vc_row overlay_dotted=&#8221;&#8221; css=&#8221;.vc_custom_1493959231497{margin-bottom: 91px !important;}&#8221;][vc_column]    <div class=\"container\">\r\n      <div class=\"brxy-services  brxy-service-69d2711bda4b3\">\r\n        <div class=\"row\">\r\n                    <div class=\"col-md-3 col-sm-6 col-xs-12\">\r\n            <div class=\"brxy-table-container\">\r\n                <div class=\"service-item\">\r\n              <a href=\"\"  class=\"service-wrap\">\r\n                <i aria-hidden=\"true\" class=\"icon-layers\"><\/i><span class=\"service-title\">SERAM\u0130K - GRAN\u0130T CEPHE S\u0130STEMLER\u0130<\/span>                <\/a>\r\n              <\/div>\r\n            <\/div>\r\n          <\/div>\r\n                    <div class=\"col-md-3 col-sm-6 col-xs-12\">\r\n            <div class=\"brxy-table-container\">\r\n                <div class=\"service-item\">\r\n              <a href=\"\" target=\"_blank\" class=\"service-wrap\">\r\n                <i aria-hidden=\"true\" class=\"icon-circle-compass\"><\/i><span class=\"service-title\">KALE S\u0130NTERFLEKS CEPHE KAPLAMA<\/span>                <\/a>\r\n              <\/div>\r\n            <\/div>\r\n          <\/div>\r\n                    <div class=\"col-md-3 col-sm-6 col-xs-12\">\r\n            <div class=\"brxy-table-container\">\r\n                <div class=\"service-item\">\r\n              <a href=\"\" target=\"_blank\" class=\"service-wrap\">\r\n                <i aria-hidden=\"true\" class=\"fa fa-building-o\"><\/i><span class=\"service-title\">CAM CEPHE S\u0130STEMLER\u0130<\/span>                <\/a>\r\n              <\/div>\r\n            <\/div>\r\n          <\/div>\r\n                    <div class=\"col-md-3 col-sm-6 col-xs-12\">\r\n            <div class=\"brxy-table-container\">\r\n                <div class=\"service-item\">\r\n              <a href=\"\" target=\"_blank\" class=\"service-wrap\">\r\n                <i aria-hidden=\"true\" class=\"fa fa-compress\"><\/i><span class=\"service-title\">KOMPAKT CEPHE S\u0130STEMLER\u0130<\/span>                <\/a>\r\n              <\/div>\r\n            <\/div>\r\n          <\/div>\r\n          \r\n        <\/div>\r\n      <\/div>\r\n    <\/div>\r\n\r\n[\/vc_column][\/vc_row][vc_row][vc_column]      <div class=\"brxy-status  status-type-69d2711bda501\">\r\n                  \r\n          <div class=\"col-md-4 col-sm-6\">\r\n            <div class=\"status-list\">\r\n              <span class=\"counter\">1990<\/span>\r\n                              <div class=\"status-title\">Kurulu\u015f<\/div>\r\n                          <\/div>\r\n          <\/div>\r\n                  \r\n          <div class=\"col-md-4 col-sm-6\">\r\n            <div class=\"status-list\">\r\n              <span class=\"counter\">689<\/span>\r\n                              <div class=\"status-title\">Tamamlanan Proje<\/div>\r\n                          <\/div>\r\n          <\/div>\r\n                  \r\n          <div class=\"col-md-4 col-sm-6\">\r\n            <div class=\"status-list\">\r\n              <span class=\"counter\">550<\/span>\r\n                              <div class=\"status-title\">Toplam M\u00fc\u015fteri Menuniyeti<\/div>\r\n                          <\/div>\r\n          <\/div>\r\n           \r\n      <\/div>\r\n[\/vc_column][\/vc_row][vc_row overlay_dotted=&#8221;&#8221; css=&#8221;.vc_custom_1494400804610{margin-top: 100px !important;}&#8221;][vc_column]\r\n          <div class=\" brxy-title-wrap  brxy-heading-69d2711bda513 \">\r\n          <div class=\"section-title\">PROJELER\u0130M\u0130Z<\/div><\/div>[\/vc_column][\/vc_row][vc_row][vc_column]  <div class=\" brxy-project-69d2711bda53b brxy-projects \">\r\n          <div class=\"project-listings style1\"  >\r\n        \r\n    <!-- Project Start -->\r\n    <div class=\"project-row row\">\r\n                <div class=\"col-md-4 col-sm-4 col-sx-12  \">\r\n            <div class=\"project-list\">\r\n              <div class=\"project-picture\">\r\n                <img decoding=\"async\" src=\"https:\/\/serifogullari.com\/wp-content\/uploads\/2023\/03\/bina21.jpg\" alt=\"\u0130BB Ait Kre\u015f \u00c7al\u0131\u015fmalar\u0131m\u0131z\">\r\n              <\/div>\r\n              <div class=\"project-info\">\r\n                <div class=\"brxy-table-container\">\r\n                  <div class=\"brxy-align-container\">\r\n                    <div class=\"project-title\"><a href=\"https:\/\/serifogullari.com\/?project=ibb-ait-kres-calismalarimiz\">\u0130BB Ait Kre\u015f \u00c7al\u0131\u015fmalar\u0131m\u0131z<\/a>\r\n                    <\/div>\r\n                    <div class=\"project-category\">\r\n                                        <\/div>\r\n                  <\/div>\r\n                <\/div>\r\n              <\/div>\r\n            <\/div>\r\n          <\/div>\r\n                  <div class=\"col-md-4 col-sm-4 col-sx-12  \">\r\n            <div class=\"project-list\">\r\n              <div class=\"project-picture\">\r\n                <img decoding=\"async\" src=\"https:\/\/serifogullari.com\/wp-content\/uploads\/2023\/03\/Beytowndeniz3.jpg\" alt=\"Beytowne Villalar\u0131 Projemiz\">\r\n              <\/div>\r\n              <div class=\"project-info\">\r\n                <div class=\"brxy-table-container\">\r\n                  <div class=\"brxy-align-container\">\r\n                    <div class=\"project-title\"><a href=\"https:\/\/serifogullari.com\/?project=beytowne-villalari-projemiz\">Beytowne Villalar\u0131 Projemiz<\/a>\r\n                    <\/div>\r\n                    <div class=\"project-category\">\r\n                                        <\/div>\r\n                  <\/div>\r\n                <\/div>\r\n              <\/div>\r\n            <\/div>\r\n          <\/div>\r\n                  <div class=\"col-md-4 col-sm-4 col-sx-12  \">\r\n            <div class=\"project-list\">\r\n              <div class=\"project-picture\">\r\n                <img decoding=\"async\" src=\"https:\/\/serifogullari.com\/wp-content\/uploads\/2023\/03\/c8c17654-e411-473a-90e7-c97ddc4bfe36.jpg\" alt=\"Mabeyn Konutlar\u0131 Projemiz\">\r\n              <\/div>\r\n              <div class=\"project-info\">\r\n                <div class=\"brxy-table-container\">\r\n                  <div class=\"brxy-align-container\">\r\n                    <div class=\"project-title\"><a href=\"https:\/\/serifogullari.com\/?project=mabeyn-konutlari-projemiz\">Mabeyn Konutlar\u0131 Projemiz<\/a>\r\n                    <\/div>\r\n                    <div class=\"project-category\">\r\n                                        <\/div>\r\n                  <\/div>\r\n                <\/div>\r\n              <\/div>\r\n            <\/div>\r\n          <\/div>\r\n                  <div class=\"col-md-4 col-sm-4 col-sx-12 cat-dis-cephe  \">\r\n            <div class=\"project-list\">\r\n              <div class=\"project-picture\">\r\n                <img decoding=\"async\" src=\"https:\/\/serifogullari.com\/wp-content\/uploads\/2023\/03\/beylikduzu-kultur-merkezi.jpg\" alt=\"Beylikd\u00fcz\u00fc K\u00fclt\u00fcr Merkezi Cephe Do\u011framalar\u0131 ve Ofis B\u00f6lme \u00c7al\u0131\u015fmam\u0131z\">\r\n              <\/div>\r\n              <div class=\"project-info\">\r\n                <div class=\"brxy-table-container\">\r\n                  <div class=\"brxy-align-container\">\r\n                    <div class=\"project-title\"><a href=\"https:\/\/serifogullari.com\/?project=beylikduzu-kultur-merkezi-cephe-dogramalari-ve-ofis-bolme-calismamiz\">Beylikd\u00fcz\u00fc K\u00fclt\u00fcr Merkezi Cephe Do\u011framalar\u0131 ve Ofis B\u00f6lme \u00c7al\u0131\u015fmam\u0131z<\/a>\r\n                    <\/div>\r\n                    <div class=\"project-category\">\r\n                    <span><a href=\"https:\/\/serifogullari.com\/?project_category=dis-cephe\" class=\"bpw-category\">D\u0131\u015f Cephe<\/a><\/span>                     <\/div>\r\n                  <\/div>\r\n                <\/div>\r\n              <\/div>\r\n            <\/div>\r\n          <\/div>\r\n                  <div class=\"col-md-4 col-sm-4 col-sx-12  \">\r\n            <div class=\"project-list\">\r\n              <div class=\"project-picture\">\r\n                <img decoding=\"async\" src=\"https:\/\/serifogullari.com\/wp-content\/uploads\/2023\/03\/Gu\u0308rpinar-Polis-Merkezi-Amirlig\u0306i.jpg\" alt=\"G\u00fcrp\u0131nar Polis Merkezi Projemiz\">\r\n              <\/div>\r\n              <div class=\"project-info\">\r\n                <div class=\"brxy-table-container\">\r\n                  <div class=\"brxy-align-container\">\r\n                    <div class=\"project-title\"><a href=\"https:\/\/serifogullari.com\/?project=gurpinar-polis-merkezi-projemiz\">G\u00fcrp\u0131nar Polis Merkezi Projemiz<\/a>\r\n                    <\/div>\r\n                    <div class=\"project-category\">\r\n                                        <\/div>\r\n                  <\/div>\r\n                <\/div>\r\n              <\/div>\r\n            <\/div>\r\n          <\/div>\r\n                  <div class=\"col-md-4 col-sm-4 col-sx-12  \">\r\n            <div class=\"project-list\">\r\n              <div class=\"project-picture\">\r\n                <img decoding=\"async\" src=\"https:\/\/serifogullari.com\/wp-content\/uploads\/2023\/03\/WhatsApp-Image-2023-03-13-at-11.00.24-1.jpeg\" alt=\"Manisa Salihli Shell \u0130stasyon Projemiz\">\r\n              <\/div>\r\n              <div class=\"project-info\">\r\n                <div class=\"brxy-table-container\">\r\n                  <div class=\"brxy-align-container\">\r\n                    <div class=\"project-title\"><a href=\"https:\/\/serifogullari.com\/?project=manisa-salihli-shell-istasyon-projemiz\">Manisa Salihli Shell \u0130stasyon Projemiz<\/a>\r\n                    <\/div>\r\n                    <div class=\"project-category\">\r\n                                        <\/div>\r\n                  <\/div>\r\n                <\/div>\r\n              <\/div>\r\n            <\/div>\r\n          <\/div>\r\n        \r\n      <\/div>\r\n    <\/div>\r\n  <\/div>\r\n    <!-- Project End -->\r\n\r\n    [\/vc_column][\/vc_row][vc_row content_placement=&#8221;middle&#8221; overlay_dotted=&#8221;&#8221; css=&#8221;.vc_custom_1493959316671{margin-bottom: 100px !important;}&#8221;][vc_column text_alignment=&#8221;text-center&#8221;]<div class=\"clearfix\"><a class=\"brxy-btn   brxy-btn-69d2711be2ec5 brxy-btn-medium  \" href=\"https:\/\/serifogullari.com\/projeler\/\">T\u00fcm Projeler<\/a><\/div>[\/vc_column][\/vc_row][vc_row content_placement=&#8221;middle&#8221; overlay_dotted=&#8221;&#8221; css=&#8221;.vc_custom_1493985457691{background: #151515 url(https:\/\/victorthemes.com\/themes\/brixey\/wp-content\/uploads\/2017\/01\/background3.png?id=275) !important;background-position: 0 0 !important;background-repeat: no-repeat !important;}&#8221; el_class=&#8221;brxy-promo&#8221;][vc_column width=&#8221;1\/2&#8243; css=&#8221;.vc_custom_1594811895788{border-right-width: 0px !important;padding-top: 0px !important;padding-right: 0px !important;padding-bottom: 0px !important;padding-left: 0px !important;background-image: url(https:\/\/serifogullari.com\/wp-content\/uploads\/2017\/05\/V8HR7RHBoqRIo1b66olaDwhF49HYau2GdANVp85X.jpeg?id=1158) !important;background-position: center !important;background-repeat: no-repeat !important;background-size: cover !important;}&#8221; el_class=&#8221;promo-image&#8221;][vc_row_inner el_class=&#8221;promo-image&#8221;][vc_column_inner][\/vc_column_inner][\/vc_row_inner][\/vc_column][vc_column width=&#8221;1\/2&#8243; el_class=&#8221;promo-wrap&#8221;][vc_row_inner el_class=&#8221;promo-info&#8221;][vc_column_inner][vc_column_text]<div class=\"brxy-title promo-title brxy-title-69d2711be2edd\">\u015eER\u0130FO\u011eULLARI DI\u015e CEPHE<\/div>\n<p>\u015eerifo\u011fullar\u0131&#8217;na g\u00f6re kalite ve vizyon birbirinden ayr\u0131lamaz ikilidir. \u015eerifo\u011fullar\u0131 anlay\u0131\u015f\u0131na g\u00f6re kalite olmadan vizyon, vizyon olmadan kalite olamaz. Bu anlay\u0131\u015fla yola \u00e7\u0131kan \u015eerifo\u011fullar\u0131 projelerinde uzman mimar, i\u00e7 mimar ve tasar\u0131mc\u0131lar\u0131n teknik ve yarat\u0131c\u0131 bilgileriyle ilerlemektedir.[vc_empty_space height=\"10px\"][\/vc_column_text][\/vc_column_inner][\/vc_row_inner][\/vc_column][\/vc_row][vc_row][vc_column][vc_empty_space height=&#8221;92px&#8221;]\r\n          <div class=\" brxy-title-wrap  brxy-heading-69d2711be2efc \">\r\n          <div class=\"section-title\">TEDAR\u0130K\u00c7\u0130LER<\/div><div class=\"section-sub-title\">Kalite ve Vizyon esas\u0131m\u0131zd\u0131r.T\u00fcrkiyenin \u00f6nc\u00fc firmalar\u0131yla \u00e7al\u0131\u015fmaktan gurur duyuyoruz<\/div><\/div>[\/vc_column][\/vc_row][vc_row][vc_column text_alignment=&#8221;text-center&#8221;]<div class=\"brxy-clients\">\r\n    <div class=\"container\"><div class=\"brxy-carousel\"\r\n           data-loop=\"false\" data-items=\"4\" data-margin=\"0\"data-dots=\"false\"data-nav=\"true\"><div class=\"item\"><div class=\"client-item\"><div class=\"brxy-table-container\"><div class=\"brxy-align-container\"><img decoding=\"async\" src=\"\" alt=\"\"><\/div><\/div><\/div><\/div><div class=\"item\"><div class=\"client-item\"><div class=\"brxy-table-container\"><div class=\"brxy-align-container\"><a href=\"https:\/\/www.winsa.com.tr\/\" target=\"_blank\"><img decoding=\"async\" src=\"https:\/\/serifogullari.com\/wp-content\/uploads\/2020\/07\/winsa-logo-300x250-1.jpg\" alt=\"\"><\/a><\/div><\/div><\/div><\/div><div class=\"item\"><div class=\"client-item\"><div class=\"brxy-table-container\"><div class=\"brxy-align-container\"><a href=\"https:\/\/www.albertgenau.com\/tr\" target=\"_blank\"><img decoding=\"async\" src=\"https:\/\/serifogullari.com\/wp-content\/uploads\/2020\/07\/logo-en.png\" alt=\"\"><\/a><\/div><\/div><\/div><\/div><div class=\"item\"><div class=\"client-item\"><div class=\"brxy-table-container\"><div class=\"brxy-align-container\"><img decoding=\"async\" src=\"\" alt=\"\"><\/div><\/div><\/div><\/div><\/div><\/div><\/div>[vc_empty_space height=&#8221;100px&#8221;][\/vc_column][\/vc_row]<\/p>\n","protected":false},"excerpt":{"rendered":"[vc_row overlay_dotted=&#8221;&#8221; css=&#8221;.vc_custom_1495014942769{margin-top: 115px !important;}&#8221; el_class=&#8221;brxy-about&#8221;][vc_column][\/vc_column][\/vc_row][vc_row overlay_dotted=&#8221;&#8221; css=&#8221;.vc_custom_1493959231497{margin-bottom: 91px !important;}&#8221;][vc_column][\/vc_column][\/vc_row][vc_row][vc_column][\/vc_column][\/vc_row][vc_row overlay_dotted=&#8221;&#8221; css=&#8221;.vc_custom_1494400804610{margin-top: 100px !important;}&#8221;][vc_column][\/vc_column][\/vc_row][vc_row][vc_column][\/vc_column][\/vc_row][vc_row content_placement=&#8221;middle&#8221; overlay_dotted=&#8221;&#8221; css=&#8221;.vc_custom_1493959316671{margin-bottom: 100px !important;}&#8221;][vc_column text_alignment=&#8221;text-center&#8221;][\/vc_column][\/vc_row][vc_row content_placement=&#8221;middle&#8221; overlay_dotted=&#8221;&#8221; css=&#8221;.vc_custom_1493985457691{background: #151515 url(https:\/\/victorthemes.com\/themes\/brixey\/wp-content\/uploads\/2017\/01\/background3.png?id=275) !important;background-position: 0 0 !important;background-repeat: no-repeat !important;}&#8221; el_class=&#8221;brxy-promo&#8221;][vc_column width=&#8221;1\/2&#8243; css=&#8221;.vc_custom_1594811895788{border-right-width: 0px !important;padding-top: 0px !important;padding-right: 0px !important;padding-bottom: 0px !important;padding-left: 0px !important;background-image: url(https:\/\/serifogullari.com\/wp-content\/uploads\/2017\/05\/V8HR7RHBoqRIo1b66olaDwhF49HYau2GdANVp85X.jpeg?id=1158) !important;background-position: center !important;background-repeat: no-repeat !important;background-size: cover !important;}&#8221; el_class=&#8221;promo-image&#8221;][vc_row_inner el_class=&#8221;promo-image&#8221;][vc_column_inner][\/vc_column_inner][\/vc_row_inner][\/vc_column][vc_column width=&#8221;1\/2&#8243;&#8230;","protected":false},"author":1,"featured_media":0,"parent":0,"menu_order":0,"comment_status":"closed","ping_status":"closed","template":"home-template.php","meta":{"footnotes":""},"class_list":["post-306","page","type-page","status-publish","hentry"],"_links":{"self":[{"href":"https:\/\/serifogullari.com\/index.php?rest_route=\/wp\/v2\/pages\/306","targetHints":{"allow":["GET"]}}],"collection":[{"href":"https:\/\/serifogullari.com\/index.php?rest_route=\/wp\/v2\/pages"}],"about":[{"href":"https:\/\/serifogullari.com\/index.php?rest_route=\/wp\/v2\/types\/page"}],"author":[{"embeddable":true,"href":"https:\/\/serifogullari.com\/index.php?rest_route=\/wp\/v2\/users\/1"}],"replies":[{"embeddable":true,"href":"https:\/\/serifogullari.com\/index.php?rest_route=%2Fwp%2Fv2%2Fcomments&post=306"}],"version-history":[{"count":26,"href":"https:\/\/serifogullari.com\/index.php?rest_route=\/wp\/v2\/pages\/306\/revisions"}],"predecessor-version":[{"id":1383,"href":"https:\/\/serifogullari.com\/index.php?rest_route=\/wp\/v2\/pages\/306\/revisions\/1383"}],"wp:attachment":[{"href":"https:\/\/serifogullari.com\/index.php?rest_route=%2Fwp%2Fv2%2Fmedia&parent=306"}],"curies":[{"name":"wp","href":"https:\/\/api.w.org\/{rel}","templated":true}]}}